e number?
False
Suppose 6*t = 5*t - 5*p + 10, p + 4 = t. Suppose -4*m + 2*n = -1802, t*n + 605 + 729 = 3*m. Is m composite?
True
Let f = -131 - -130. Is 2 - (-6)/f - -325*9 prime?
False
Let t(x) = 114*x - 18. Let i(q) = -1. Let a(k) = 5*i(k) + t(k). Let o be (-3 - (-8)/2)*(-6 - (-7 - 1)). Is a(o) composite?
True
Suppose -473*c + 174068413 = -216*c. Is c a composite number?
False
Let p be 2/((-32)/12 + 2). Let b be 3/2*(-28)/p. Suppose 0 = 12*s - b*s + 322. Is s a prime number?
False
Let r = -250673 - -413344. Is r a prime number?
True
Let t(p) = 12*p + 12878 - 12871 + 22*p. Let i = 2 + 2. Is t(i) a prime number?
False
Suppose 2*r - 9 - 27 = 0. Let g be 5/(-14 + 4) - (-13)/(-2). Is (-6 - g) + r*7 composite?
False
Suppose 37 - 35 = -n. Is (4/2 - n) + (-9390)/(-2) a composite number?
True
Let r = -603 + 1405. Is r a composite number?
True
Suppose 6*y + 8 = -4. Is -2 + y - (-1 + -1583 + 3) a composite number?
True
Suppose -5*x = -0*x. Suppose -3*r + 3*b = -8325, x*b + 2*b - 13854 = -5*r. Suppose 800 = -4*p + r. Is p a composite number?
True
Suppose 3*w - 3*j = 3 + 9, w + 3*j - 12 = 0. Let f be (4 - (-1036)/w)/(1/21). Suppose f = -14*t + 9408. Is t a composite number?
True
Let o(l) = 6479*l - 5. Let t be o(3). Suppose 5*f + t = 9*f. Let u = f + -2541. Is u a composite number?
True
Suppose -z = -5*s - 5*z - 6, 0 = -2*z - 8. Suppose p = s*t - 631 - 1382, -5*t + 4*p = -5025. Is t composite?
False
Suppose 0 = 5*r - 5*i - 65, 0 = r + i - 5. Let z be r - (-8)/2 - -1. Is (-4)/14 + 6542/z a prime number?
True
Let w(a) = -645*a**2 - 2*a + 8. Let b(h) = -646*h**2 - h + 7. Let m(n) = 2*b(n) - 3*w(n). Is m(5) prime?
False
Is (21456 - 79)*2/2 a prime number?
True
Suppose 0 = -14*z + 17*z - 9. Suppose 5*g = -z*t + 1201, -t - 3*t + 2*g = -1584. Let l = 144 + t. Is l prime?
True
Suppose -2*j + 4*z = -2, 0*j + z = -4*j + 4. Let g be (-15 - 1)*j/(-2). Suppose 4*r = g*r - 572. Is r composite?
True
Suppose 12*x - 170 = 22. Is (72 + -5)*(1 + x) composite?
True
Let m = 12396 - 7711. Is m composite?
True
Suppose 3*t = 2*h + 66599, 5*h = 4 + 6. Is t composite?
True
Let x(j) = -441*j**2 + 4*j - 57. Let m(k) = 221*k**2 - 2*k + 28. Let u(c) = -5*m(c) - 3*x(c). Is u(5) composite?
False
Let o = -338 - -339. Let a(d) be the second derivative of 59*d**4/12 - d**3/3 + d**2 - 2*d. Is a(o) a prime number?
True
Let n(y) = -y**3 - 6*y**2 - 6*y - 3. Let t be n(-5). Let h = t + -3. Is -2*2302/(-4) - 1 - h a composite number?
False
Let r(t) = 269*t**3 + 9*t**2 + t - 10. Let v be r(8). Suppose 10*f = 5388 + v. Is f a composite number?
False
Let w = 191 - 73. Let n = 6639 - w. Is n a composite number?
False
Let x(s) = -s + 8. Let f be x(3). Suppose -f*m + 14 = -11. Suppose -m*g + 10696 = 3*g. Is g a composite number?
True
Suppose 4*m - 16 = -4*p + 2*p, 10 = 5*p. Suppose m = a, 3*a - 14188 + 868 = -3*j. Suppose j = 9*o - 3042. Is o prime?
False
Let s(t) = 2*t - 9. Let d be s(-18). Let b be (d/(-18))/((-2)/(-1948)). Suppose 5*c - 4*f = 4053, -4*c = -7*c + 4*f + b. Is c a composite number?
False
Suppose -3*w - 194062 = -5*g, 2*g - 68147 = -5*w + 9484. Is g prime?
False
Let v(m) = 3*m**3 + 135*m**2 - 140*m - 110. Let u be v(-46). Let j = -6 + 12. Is (-2492)/j*27/u a composite number?
True
Let t be (17/68)/(-4 - (-132)/32). Suppose m + 914 = t*l + 6175, 2*m - 3*l = 10522. Is m a prime number?
True
Suppose -31*x + 1995957 = -1789184 - 3958628. Is x a prime number?
False
Let m(t) = 12*t**3 + 13*t**2 + 10*t + 36. Is m(13) prime?
False
Let z(x) = -10*x + 37. Let h be z(3). Suppose h*d - 237 = 9325. Is d a composite number?
True
Is (2 - 16292545/(-10)) + (-70)/20 composite?
False
Suppose 44*i - 153*i = -79*i - 12646230. Is i prime?
False
Suppose 0 = 386*m - 385*m - 11861. Is m prime?
False
Suppose 0 = 5*o - 3*s - 249, -5*o + 211 = -2*s - 35. Suppose -36*j = -o*j + 13956. Is j a prime number?
True
Is (-5336)/(-87)*(0 + (-5862)/(-8)) - -5 a composite number?
True
Is 122 + (56/8)/(-7) a prime number?
False
Let s(p) = 79*p - 1. Let o = -17 + 22. Suppose 32 = -f + o*f. Is s(f) prime?
True
Let j = -69 - 24. Let y = 87 + j. Is (-2)/(-4)*(y - -188) a prime number?
False
Suppose 2877*v - 2879*v = -6, 3*v - 449821 = -4*x. Is x composite?
True
Let a(l) = -2*l**3 - 25*l**2 - 43*l - 20. Let i(d) = d**3 - d + 1. Let p(z) = -a(z) - 3*i(z). Let u be (1 + 156/(-6))*-1. Is p(u) composite?
True
Let x(z) = z**3 - 6*z**2 - 7*z - 8. Let m be x(6). Let b be (5/(m/(-24)))/(5/25). Suppose b*s - 3*s = 1278. Is s prime?
False
Let j(n) = 6719*n - 1063. Is j(4) prime?
False
Suppose 7*f + 4*a - 72714 = 5*f, 0 = f + 3*a - 36359. Is f composite?
False
Let w(x) = -24333*x - 5596. Is w(-35) a prime number?
True
Let s be 80/(-15)*12/8. Let t be (20/s)/(4 - (-9)/(-2)). Suppose 0*n + 402 = q + t*n, 1282 = 3*q - 4*n. Is q composite?
True
Let b(g) = g + 6. Let z be b(-3). Suppose -z*v - 2*v + 1855 = 0. Is v a composite number?
True
Let i(l) = 624*l. Let f be i(-2). Suppose 0 = -d, -2*x - d - 6957 - 1001 = 0. Let c = f - x. Is c a prime number?
True
Is (18543092/8)/((-13)/((-130)/5)) a prime number?
True
Let h be (2/(-6))/(5/(-45)). Suppose -7*w + 13044 = -h*w. Is w composite?
True
Let p = 4 - -3. Suppose -j = -5*u - 1381, 3*j - 3*u = -p*u + 4143. Is j a composite number?
False
Suppose 4*u - 25 = 55. Let d = 30 - u. Is 7526/d + 18/45 prime?
False
Suppose 13*h = 12*h + 266. Suppose -p + 105 + h = 0. Suppose f = 1166 + p. Is f a prime number?
False
Let o(n) = 127*n - 11. Suppose 9*s - 112 = s. Let t be o(s). Suppose 0 = 3*p + k - t, -4*k + 232 + 1535 = 3*p. Is p prime?
False
Let v(x) = 5*x**3 - 2*x**2 + 3*x - 5. Suppose 3*h + 6 + 9 = 5*f, 3*f = 3*h + 3. Let m be v(f). Let w = 1938 - m. Is w composite?
True
Suppose 10*r = -51*r - 10*r + 9453863. Is r a composite number?
False
Let u(v) = -13*v**3 - v**2 + 132*v + 1775. Is u(-13) composite?
True
Is (-2)/13 + -15*4106326/(-546) prime?
False
Is 48732320/420 + 1/(-3) a composite number?
True
Suppose 3*c + 60765 = x - 0*c, 607842 = 10*x + 2*c. Is x a prime number?
False
Let a(o) = -o**2 + 42*o - 12. Let z be a(17). Let u be (-4)/(-18) - 1904/(-18). Suppose -u = v - z. Is v composite?
False
Let n(h) be the third derivative of 107*h**4/24 - 95*h**3/2 + 31*h**2. Is n(24) a composite number?
True
Suppose 31*a = 17*a + 42. Suppose -5*y - 74 - 1589 = -w, 0 = a*y. Is w a composite number?
False
Let f(j) = j**3 + 94*j**2 - 162*j - 306. Is f(-95) prime?
False
Suppose -5*s - 493872 = -4*m, -54*m + 5*s = -53*m - 123483. Is m a composite number?
True
Let l(n) be the third derivative of n**4/24 - n**3/6 - 6*n**2. Let o(g) = -27*g - 10. Let t(d) = 3*l(d) + o(d). Is t(-11) composite?
False
Let r = -365 - -5995. Let x = 3456 - r. Is ((-1)/(-4 + 5))/(2/x) composite?
False
Let q = 74491 - -1518238. Is q a prime number?
True
Suppose 3*p + 2*n = -2*n - 140, 4*p + 168 = 4*n. Let y = p - -44. Suppose 681 = i + 5*m, -5*i + y*m + 2*m = -3459. Is i a prime number?
True
Let r = 738 + -734. Suppose 4*g + r*p - 7814 = 2*g, -15576 = -4*g + 5*p. Is g a composite number?
True
Let g(o) = o**3 + 22*o**2 + 8*o + 31. Suppose 2*d - 36 + 16 = 0. Suppose d*s - 11*s = 16. Is g(s) a prime number?
True
Is 135319*(-1 + (7/21 - 25/(-15))) prime?
True
Let q = -1272 + 794. Is (q - 4)*(-9)/6 a prime number?
False
Let h(x) = -2256*x + 77. Is h(-1) a composite number?
False
Let p(t) = 210507*t**3 - 7*t**2 - 2*t + 1. Is p(1) composite?
False
Suppose -3*y = -3*n + 2*n + 6739, -4*y - 6738 = -n. Let z = 17499 - n. Is z a prime number?
False
Let x = -10 + 17. Let b = 126 - 125. Suppose x*c - b = 132. Is c a prime number?
True
Suppose 8*g + 32 = 16*g. Is 12*(384600/224 + g/14) a composite number?
True
Let q(a) = -6288*a - 1187. Is q(-3) a composite number?
True
Let p(g) = 15*g**2 + 17*g + 1975. Is p(81) prime?
False
Suppose 4*m = 4*k - 19800, -2*k - 12*m + 9920 = -9*m. Is k prime?
False
Let s = -422313 + 664730. Is s composite?
True
Let j = 87 - 82. Suppose -j*w = -2*t + 22617, 5*t - w - w = 56532. Let i = -8001 + t. Is i a composite number?
True
Let y be 13 - ((-2)/2 + 5). Suppose -1 = -o + y. Suppose 17838 = -o*l + 46108. Is l a composite number?
True
Suppose 2*i + 54694 = 14*i - 12782. Is i composite?
False
Let u be (82 + 1)/((-4)/12). Let h = u + 519. Suppose h + 4 = 3*k - i, -3*i = k - 108. Is k prime?
False
Is 364934*((-63)/(-14) + -4) a 